e a(3). Suppose -q*m = 14 - 42. What is the remainder when f is divided by m?
5
Suppose 0 = -2*n + 13 + 25. What is the remainder when n is divided by 3?
1
Let j(d) = -86*d**3 + 16*d**2 - 5*d - 6. Let y(c) = -17*c**3 + 3*c**2 - c - 1. Let m(n) = 2*j(n) - 11*y(n). What is the remainder when 54 is divided by m(1)?
12
Suppose -3*t + 45 = -0*t. Calculate the remainder when 58 is divided by t.
13
Calculate the remainder when 151 is divided by (-108)/(-3) - (1 + -3).
37
Suppose -67 + 7 = 5*r. What is the remainder when 47 is divided by (-146)/(-12) + 2/r?
11
Suppose -h + 6*h = 195. Calculate the remainder when h is divided by 15.
9
Suppose -9 = 3*v - 5*d, -4*d + 3 = -3*d. Suppose -v*h + 30 = -0*h. Let x = 45 - 1. What is the remainder when x is divided by h?
14
Let f(t) = -4*t + 3. Calculate the remainder when 157 is divided by f(-5).
19
Let g = -6 + 22. Suppose -34 = -n - 5*x + 28, 4*n - 194 = -2*x. Calculate the remainder when n is divided by g.
15
Suppose 32 = 3*x - 58. What is the remainder when x is divided by 17?
13
Suppose 0 = -7*d + 5*d + 72. Suppose -3*c + 0*c = -57. Calculate the remainder when d is divided by c.
17
Let o be ((-46)/4)/((-2)/4). Suppose -b + 6 = -o. Calculate the remainder when b is divided by 10.
9
Suppose 188 = -0*x + 4*x. Suppose -5*w - 4 = -w, 0 = -4*g - 5*w + x. Calculate the remainder when g is divided by 5.
3
Suppose 19*h - 16*h - 339 = 0. What is the remainder when h is divided by 23?
21
Suppose 0 = -3*n - 2*n + 15, -4*f = n - 95. Let q be (26/3)/((-2)/(-3)). Suppose -f - q = -4*w. Calculate the remainder when w is divided by 4.
1
Let w = 2 - -2. Suppose w*t - 22 + 2 = 4*v, -4*t - 3*v = 1. What is the remainder when 6 is divided by t?
0
Let u(l) = -26*l + 1. Suppose 3*w - 4*y - 38 = 36, 4*y = 4*w - 92. What is the remainder when u(-2) is divided by w?
17
Let x(y) = 3*y**2 + y - 1. Let w be x(1). Calculate the remainder when (-1)/3 - (-40)/w is divided by 5.
3
Let m = 3 - -1. Suppose n + m*t - 2 = 1, n - 5*t - 3 = 0. Suppose 0 = -j + 4*d + 50, -3*d - 23 = -n*j + 118. What is the remainder when j is divided by 16?
14
Let b = -1 - -2. Calculate the remainder when ((-43)/(-1) - b)/1 is divided by 11.
9
Suppose 3 + 9 = 4*n. Suppose -39 - 12 = -n*k. What is the remainder when 32 is divided by k?
15
Let y(o) = o**3 - 5*o**2 + o - 9. Calculate the remainder when y(6) is divided by 7.
5
Suppose p + 2*w = 7, 2*w + 17 - 69 = -4*p. Suppose 5*c - p = 2*c. Suppose 3*l - 28 = l. What is the remainder when l is divided by c?
4
Let w(p) = p**2 - 5*p - 3. Let s be w(6). Suppose -4 = -s*b + 5. Suppose 0 = -b*n - 24 + 96. What is the remainder when 46 is divided by n?
22
Let w(d) = -d**3 - 5*d**2 + 13*d - 4. Calculate the remainder when 10 is divided by w(-7).
1
Suppose -60 = 15*v - 12*v. Let k = v - -40. Calculate the remainder when 58 is divided by k.
18
Suppose -7*h - 22 + 155 = 0. What is the remainder when 34 is divided by h?
15
Let f = 151 - 108. Calculate the remainder when f is divided by 9.
7
Let n = -109 - -165. Let m(s) = s**3 - s**2 - s + 1. Let d be m(2). Suppose d*a - a = n. Calculate the remainder when a is divided by 10.
8
Suppose 4*y - 48 = 5*f, -3*y + 7*y - 8 = -5*f. Let g = y + -6. What is the remainder when g is divided by 1?
0
Let n(b) = 11*b**3 - 2*b**2 + b. Let s(o) be the first derivative of -o**2 + 2. Calculate the remainder when n(1) is divided by s(-2).
2
Let j(b) = -b - 1. Let o be j(-4). Suppose -16 = -o*q + q. Calculate the remainder when -3 + (2*12 - -1) is divided by q.
6
Suppose 3*r + 0*r = f - 4, 5*r = 0. Suppose 5*i - 7*s + 3*s = 16, s = f*i - 4. What is the remainder when 13 is divided by 6 - -4 - (3 - i)?
6
Let f = -7 + 11. Suppose 0*j + 28 = f*j. Let h = -17 + 29. Calculate the remainder when h is divided by j.
5
Suppose 2*r - 16 = m + 4*m, 2*r = m + 24. What is the remainder when 35 is divided by r?
9
Suppose 0 = -k + 3*u + 51 + 4, 2*k - 115 = u. Calculate the remainder when k is divided by 10.
8
Let h(j) = -j**3 - 4*j**2 + 3*j - 3. Calculate the remainder when 11 is divided by h(-5).
4
Let f(q) = -q**2 + 5*q + 6. Calculate the remainder when 30 is divided by f(3).
6
Suppose 0*b - 2*b = 5*a - 45, 54 = 4*b - 2*a. What is the remainder when 29 is divided by b?
14
Let p(j) = -3*j - 1. Suppose 3 = -2*l - 1. What is the remainder when p(l) is divided by 3?
2
Let k(s) = -3*s + 9. Calculate the remainder when 153 is divided by k(-10).
36
Suppose -4*s + 316 = 8*j - 4*j, s + 2*j = 77. Calculate the remainder when s is divided by 28.
25
Let r(u) = -u + 14. Let t be r(6). Suppose 0 = 4*q - 84 - 16. Let h = q - t. What is the remainder when 49 is divided by h?
15
Let z(w) = -27*w**3 - 2*w**2 - 2*w - 1. Let b be z(-1). What is the remainder when b + 0/(1/(-1)) is divided by 14?
12
Suppose -8 = -4*y - 0. Suppose b - 28 = -y*h, 2*b - 4*h - 44 = -b. What is the remainder when b is divided by 11?
9
Let n(a) be the first derivative of -1/2*a**2 - 1 + 19*a. What is the remainder when 55 is divided by n(0)?
17
Let b be (3 - -3)*(-2)/(-4). Suppose -21 = -s - b. Let i = -26 - -61. Calculate the remainder when i is divided by s.
17
Let i(n) = 4*n + 10. Let c be i(7). Suppose -4*w + 4*q = -32, 5*w + 14 - c = q. What is the remainder when 7 is divided by w?
3
Suppose -2*z - 2*u = -0*z - 12, 0 = -z - 2*u + 7. Suppose 0*b - 76 = -4*b. What is the remainder when b is divided by z?
4
Let h be 10/(-3)*(-12)/10. Suppose 0 = -h*q + 9 + 27. What is the remainder when q is divided by 5?
4
Let p = -167 + 240. Suppose 84 + p = g. Suppose -5*y - 27 = -g. What is the remainder when y is divided by 9?
8
Let j be 3/(3/2) + 3. Suppose -2*l = w + 19, -w + j*l + 0*l = -16. Let o = w - -33. What is the remainder when o is divided by 13?
11
Let w = -44 + 85. Let o(i) = -15*i - 1. Let l = -4 - -3. Calculate the remainder when w is divided by o(l).
13
Let m = 1 + 3. Let j be (-18)/m*(-30)/9. Suppose 5*l - 10 = j. What is the remainder when 9 is divided by l?
4
Suppose -2 + 10 = 2*g. Suppose -2*m = -10 - g. What is the remainder when m is divided by 5?
2
Suppose 10 = 2*q + 6. Suppose -f = q*l, -5*f = -0*f - 5*l - 15. Let h(m) = -m - 4. What is the remainder when h(-6) is divided by f?
0
Suppose 7*y = 4*y + 15. Suppose 0 = y*z - 0*z - 75. What is the remainder when z is divided by 8?
7
Suppose u - 259 = -5*h, -7*h + 2*h + u + 251 = 0. Suppose 21 = 4*c - h. What is the remainder when 70 is divided by c?
16
Suppose 0 = -3*d - d + 604. Suppose 5*g - d = 29. Let r = g - 1. Calculate the remainder when r is divided by 12.
11
Calculate the remainder when 2/(-7) - (-205)/7 is divided by 15*(-2)/1*(-3)/6.
14
Let z(t) = -2*t + 5. Suppose -4*n - 2*x = -108 - 98, -2*x = -2*n + 106. Suppose -44 = -4*a + n. Calculate the remainder when a is divided by z(-4).
11
Suppose 4*j = -j + 20. Let r(k) = -k + 5. Let p be r(5). Suppose -4*v + 55 = z, -4*v + j*z = -p*v - 40. Calculate the remainder when v is divided by 7.
6
Suppose -4*f = -g - 1 + 34, 99 = 4*g - 5*f. What is the remainder when g is divided by 6?
3
Suppose 2*o - 5*c - 9 = 38, -2*c = -5*o + 107. Calculate the remainder when o is divided by 12.
9
Let w = -127 - -194. Let l be (10 - 15)*(-4)/10. Let c(g) = 5*g**2 + 3*g - 3. What is the remainder when w is divided by c(l)?
21
Let f(x) = x**2 + 8*x. Calculate the remainder when f(4) is divided by 17.
14
Let l(m) = m**3 + 6*m**2 + m + 7. Suppose -2*d = 4*q - 40, 2*d + 2*q - 50 = -2*d. What is the remainder when l(-5) is divided by d?
7
Suppose 2*v - 2 = 2*f, 7*f - 4*f - 4*v = -3. Suppose 12 = -2*i - 4*l - 0*l, -i + 4*l = 0. What is the remainder when 22/i*(f - 1) is divided by 7?
4
Suppose 110 = 4*d - m, -4*d - 4*m + 63 + 57 = 0. Calculate the remainder when 109 is divided by d.
25
Let i = 50 - 34. What is the remainder when 30 is divided by i?
14
Let n = -29 + 95. Calculate the remainder when n is divided by 17.
15
Suppose -m + 151 = 31. Suppose 0 = 2*i + i - m. Suppose 5*u = -2*o + i, -87 = -5*o - 3*u - 6. Calculate the remainder when 29 is divided by o.
14
Let z = -50 - -64. Calculate the remainder when z is divided by 3.
2
Let x(c) = -3*c - 11. Calculate the remainder when 6 is divided by x(-5).
2
Let q = 8 + -5. Suppose -q*a - 17 = -68. Suppose 2*w = a - 1. What is the remainder when 23 is divided by w?
7
Let a be ((-8)/(-12))/((-1)/(-3)). Suppose -3